?
True
Is 1033885250 a multiple of 10?
True
Is 1731703178 a multiple of 15?
False
Is 12689633 a multiple of 273?
False
Is 21351945 a multiple of 1443?
False
Does 306 divide 413506674?
True
Does 1379 divide 50575571?
False
Is 164664504 a multiple of 2188?
True
Is 23397824 a multiple of 64?
True
Is 453099264 a multiple of 384?
True
Is 21 a factor of 149017029?
True
Does 5 divide 10413526?
False
Is 105425412 a multiple of 5116?
True
Is 507488297 a multiple of 184?
False
Is 1520285 a multiple of 65?
True
Is 19722923 a multiple of 1009?
True
Does 8447 divide 5905618686?
True
Is 696 a factor of 1266326064?
True
Does 40 divide 1288307437?
False
Is 1835 a factor of 170361400?
True
Is 65502206 a multiple of 879?
False
Does 1534 divide 243638190?
False
Is 280719884 a multiple of 29?
True
Does 2963 divide 325470735?
True
Is 25 a factor of 3930175?
True
Is 158 a factor of 144330148?
False
Is 4785 a factor of 740902702?
False
Is 30826474 a multiple of 31?
False
Is 330 a factor of 35897889?
False
Is 628 a factor of 35057550?
False
Is 131166838 a multiple of 22?
True
Does 8 divide 35323272?
True
Is 57550250 a multiple of 763?
False
Is 717909408 a multiple of 35?
False
Is 3997 a factor of 45709442?
False
Is 64448476 even?
True
Is 2580 a factor of 343689540?
True
Does 504 divide 43207416?
True
Is 2147966007 a multiple of 4837?
False
Does 4365 divide 493420151?
False
Is 59623072 a multiple of 16?
True
Is 3176 a factor of 1861558428?
False
Is 384975300 a multiple of 2148?
True
Does 1547 divide 38009790?
True
Is 188 a factor of 2969385364?
True
Is 3 a factor of 4323160?
False
Is 20 a factor of 400470832?
False
Does 4589 divide 18801133?
True
Is 467 a factor of 21201940?
False
Is 31 a factor of 135486663?
False
Is 15 a factor of 11271718?
False
Is 61550328 a multiple of 824?
True
Is 86163575 a multiple of 128?
False
Does 65 divide 810136?
False
Is 101125962 a multiple of 378?
True
Does 21 divide 196142814?
True
Is 119 a factor of 3700316?
False
Does 275 divide 159015359?
False
Is 42788510 a multiple of 72?
False
Is 2362 a factor of 112190276?
True
Does 33 divide 143342529?
True
Does 63 divide 29973321?
True
Is 3838 a factor of 322595301?
False
Is 318 a factor of 616489110?
True
Is 214196109 a multiple of 2546?
False
Does 1042 divide 436531312?
True
Is 374130535 a multiple of 112?
False
Is 27 a factor of 550656769?
False
Does 122 divide 836786337?
False
Does 4985 divide 3059874525?
False
Is 25 a factor of 27692587?
False
Is 32 a factor of 2342895264?
True
Is 108 a factor of 17153748?
True
Is 147 a factor of 1585030991?
False
Is 3860644 a multiple of 117?
False
Does 4 divide 7339707?
False
Does 3175 divide 19392900?
True
Is 30 a factor of 1609240220?
False
Is 162 a factor of 1119258?
True
Is 520026 a multiple of 59?
True
Is 54 a factor of 32586354?
True
Is 3 a factor of 67716030?
True
Is 28 a factor of 1362788084?
True
Is 26191178 a multiple of 26?
True
Does 8 divide 2368111?
False
Is 1214473635 a multiple of 25?
False
Is 5 a factor of 41658585?
True
Does 5 divide 88354065?
True
Is 176283655 a multiple of 232?
False
Is 1061133416 a multiple of 196?
True
Is 17 a factor of 70141728?
True
Does 15 divide 72345?
True
Does 211 divide 78621725?
False
Is 12987798 a multiple of 1250?
False
Does 18 divide 2978770230?
True
Is 22 a factor of 22347607?
False
Does 70 divide 2979340?
True
Does 54 divide 17831741?
False
Is 115 a factor of 40874105?
True
Is 10713136 a multiple of 2333?
True
Does 2 divide 24300087?
False
Is 5 a factor of 39905828?
False
Is 1873 a factor of 56733687?
False
Is 32610140 a multiple of 620?
True
Is 4170 a factor of 121750988?
False
Is 38 a factor of 37522530?
True
Does 219 divide 535007145?
True
Is 199654285 a multiple of 19?
False
Is 1422309079 a multiple of 394?
False
Is 16118525 a multiple of 355?
False
Is 4240324 a multiple of 44?
True
Is 3 a factor of 45382650?
True
Does 40 divide 32806539?
False
Does 735 divide 273567731?
False
Is 150 a factor of 261446550?
True
Does 50 divide 149598622?
False
Is 24303121 a multiple of 88?
False
Is 3210 a factor of 1958758050?
True
Is 15278519 even?
False
Does 44 divide 103560002?
False
Is 1963631760 a multiple of 3306?
True
Is 24557785 a multiple of 3?
False
Does 8 divide 384833102?
False
Is 48897517 a multiple of 1679?
True
Is 12 a factor of 263961967?
False
Does 472 divide 6868215?
False
Is 25 a factor of 13773300?
True
Is 119443280 a multiple of 495?
False
Is 615419329 a multiple of 232?
False
Is 1386 a factor of 63564732?
True
Is 78 a factor of 19634615?
False
Is 18603872 a multiple of 32?
True
Does 11 divide 6208433?
True
Is 45 a factor of 24363945?
True
Is 1580 a factor of 47779306?
False
Does 5 divide 46567661?
False
Does 44 divide 37743508?
True
Does 1908 divide 2248549530?
False
Is 89202950 a multiple of 1228?
False
Is 4 a factor of 105452184?
True
Does 19 divide 383520415?
True
Does 5904 divide 507608208?
True
Is 119328 a multiple of 904?
True
Does 84 divide 28224336?
True
Is 32 a factor of 48356414?
False
Is 268347230 a multiple of 2495?
True
Is 4330642 a multiple of 1881?
False
Does 3 divide 3274454?
False
Is 9 a factor of 77917959?
True
Does 99 divide 627012423?
False
Is 14621100 a multiple of 20?
True
Is 4 a factor of 845922?
False
Is 97 a factor of 93315358?
True
Does 3610 divide 143880160?
True
Does 281 divide 611856304?
False
Is 57 a factor of 4368894?
False
Is 172 a factor of 1890513576?
True
Does 18 divide 136047924?
True
Is 112077520 a multiple of 1042?
True
Is 655707470 a multiple of 9130?
True
Is 3848 a factor of 161146544?
True
Is 40 a factor of 1501973?
False
Is 281 a factor of 58006830?
True
Is 1171 a factor of 26322909?
True
Is 9 a factor of 23478969?
False
Is 12896085 a multiple of 5?
True
Is 2638947519 a multiple of 1053?
True
Does 562 divide 297536850?
True
Is 6 a factor of 9052816?
False
Is 273679399 a multiple of 142?
False
Is 248 a factor of 1803585208?
True
Is 1338 a factor of 319503696?
True
Is 78073619 a multiple of 10?
False
Is 19293473 a multiple of 52?
False
Is 943085525 a multiple of 1480?
False
Is 1651 a factor of 557243015?
False
Does 48 divide 3661636112?
False
Does 701 divide 102108946?
False
Is 698207185 a multiple of 60?
False
Is 39399144 a multiple of 3?
True
Does 18 divide 187904970?
True
Does 1630 divide 24852610?
True
Does 269 divide 3703811610?
False
Is 238 a factor of 37747990?
True
Is 115603426 a multiple of 43?
False
Does 225 divide 93925125?
True
Is 21 a factor of 7027336?
False
Does 2745 divide 132538727?
False
Does 164 divide 1888481812?
True
Is 134 a factor of 10615076?
False
Is 8 a factor of 174245984?
True
Is 7508075 a multiple of 25?
True
Does 127 divide 31453328?
True
Is 18750135 a multiple of 7?
False
Is 73 a factor of 5669900?
False
Is 677924016 a multiple of 189?
False
Does 3 divide 145551715?
False
Is 478096 a multiple of 6?
False
Is 127 a factor of 72869781?
False
Is 11 a factor of 935236274?
False
Is 6 a factor of 196226604?
True
Does 8 divide 29043984?
True
Does 25 divide 6952175025?
True
Is 51673428 a multiple of 12?
True
Is 2149727 a multiple of 37?
False
Is 2028 a factor of 4840836?
True
Is 11 a factor of 18553357?
False
Does 822 divide 265923576?
True
Does 315 divide 117782280?
True
Is 230373219 a multiple of 21?
False
Is 695747529 a multiple of 27?
True
Is 33821760 a multiple of 448?
True
Does 18 divide 62529462?
True
Does 14 divide 960785845?
False
Is 84049000 a multiple of 43?
False
Is 375431079 a multiple of 201?
False
Does 62 divide 10985350?
False
Does 655 divide 92008493?
False
Is 242 a factor of 14417100?
False
Is 17 a factor of 256707803?
True
Is 4 a factor of 47494792?
True
Is 642709240 a multiple of 90?
False
Is 57084588 a multiple of 3078?
True
Does 25 divide 460613897?
False
Does 1008 divide 659817730?
False
Does 13 divide 878497888?
False
Is 2203534322 a multiple of 22?
True
Does 8 divide 50657120?
True
Is 216 a factor of 1477722666?
False
Does 13 divide 6704832?
False
Does 92 divide 76369700?
False
Is 69 a factor of 22484852?
False
Does 120 divide 1883966040?
True
Does 23 divide 6480656226?
True
Is 242185533 a multiple of 19?
True
Does 20 divide 457827656?
False
Does 211 divide 2606694?
True
Is 14 a factor of 21172774?
True
Is 27 a factor of 5956358?
False
Does 18 divide 1262314?
False
Does 1478 divide 22214340?
True
Is 10 a